tors of 6987?
3, 17, 137
What are the prime factors of 736?
2, 23
What are the prime factors of 18265?
5, 13, 281
What are the prime factors of 334?
2, 167
What are the prime factors of 387?
3, 43
List the prime factors of 1799.
7, 257
What are the prime factors of 29957?
29, 1033
What are the prime factors of 990?
2, 3, 5, 11
List the prime factors of 380.
2, 5, 19
What are the prime factors of 7935?
3, 5, 23
List the prime factors of 8716.
2, 2179
What are the prime factors of 32736?
2, 3, 11, 31
What are the prime factors of 2084?
2, 521
List the prime factors of 195.
3, 5, 13
What are the prime factors of 687?
3, 229
What are the prime factors of 11071?
11071
What are the prime factors of 1314?
2, 3, 73
List the prime factors of 5147.
5147
List the prime factors of 3481.
59
What are the prime factors of 11820?
2, 3, 5, 197
List the prime factors of 863.
863
List the prime factors of 68320.
2, 5, 7, 61
List the prime factors of 26936.
2, 7, 13, 37
What are the prime factors of 944?
2, 59
List the prime factors of 2188.
2, 547
What are the prime factors of 1977?
3, 659
What are the prime factors of 237?
3, 79
What are the prime factors of 15881?
15881
What are the prime factors of 774?
2, 3, 43
What are the prime factors of 7595?
5, 7, 31
What are the prime factors of 107789?
11, 41, 239
What are the prime factors of 206?
2, 103
What are the prime factors of 2125?
5, 17
List the prime factors of 49492.
2, 12373
What are the prime factors of 27575?
5, 1103
List the prime factors of 2451.
3, 19, 43
List the prime factors of 80164.
2, 7, 409
List the prime factors of 251.
251
List the prime factors of 11784.
2, 3, 491
List the prime factors of 3711.
3, 1237
What are the prime factors of 1630?
2, 5, 163
What are the prime factors of 1030?
2, 5, 103
List the prime factors of 6566.
2, 7, 67
List the prime factors of 10474.
2, 5237
List the prime factors of 6213.
3, 19, 109
List the prime factors of 3927.
3, 7, 11, 17
List the prime factors of 92277.
3, 10253
What are the prime factors of 128468?
2, 32117
What are the prime factors of 38427?
3, 12809
What are the prime factors of 19982?
2, 97, 103
What are the prime factors of 362?
2, 181
What are the prime factors of 247?
13, 19
List the prime factors of 960.
2, 3, 5
List the prime factors of 66273.
3, 22091
What are the prime factors of 969?
3, 17, 19
List the prime factors of 12087.
3, 17, 79
What are the prime factors of 999?
3, 37
List the prime factors of 1076.
2, 269
What are the prime factors of 4852?
2, 1213
List the prime factors of 101666.
2, 50833
What are the prime factors of 679?
7, 97
List the prime factors of 5069.
37, 137
What are the prime factors of 937?
937
List the prime factors of 951.
3, 317
List the prime factors of 13268.
2, 31, 107
List the prime factors of 31489.
31489
What are the prime factors of 830?
2, 5, 83
What are the prime factors of 389?
389
What are the prime factors of 19973?
19973
List the prime factors of 28189.
7, 4027
List the prime factors of 1711.
29, 59
List the prime factors of 6440.
2, 5, 7, 23
What are the prime factors of 169249?
169249
What are the prime factors of 61619?
43, 1433
What are the prime factors of 1001?
7, 11, 13
What are the prime factors of 1347?
3, 449
List the prime factors of 12865.
5, 31, 83
List the prime factors of 6772.
2, 1693
List the prime factors of 32917.
32917
List the prime factors of 60412.
2, 11, 1373
List the prime factors of 14026.
2, 7013
What are the prime factors of 19?
19
What are the prime factors of 13622?
2, 7, 139
What are the prime factors of 56422?
2, 28211
List the prime factors of 38424.
2, 3, 1601
List the prime factors of 2772.
2, 3, 7, 11
What are the prime factors of 1654?
2, 827
List the prime factors of 11390.
2, 5, 17, 67
What are the prime factors of 12147?
3, 4049
What are the prime factors of 5686?
2, 2843
List the prime factors of 682.
2, 11, 31
List the prime factors of 28417.
157, 181
What are the prime factors of 21300?
2, 3, 5, 71
What are the prime factors of 32793?
3, 17, 643
List the prime factors of 19336.
2, 2417
List the prime factors of 28134.
2, 3, 521
What are the prime factors of 220?
2, 5, 11
What are the prime factors of 100064?
2, 53, 59
What are the prime factors of 8090?
2, 5, 809
What are the prime factors of 415?
5, 83
List the prime factors of 19392.
2, 3, 101
What are the prime factors of 295?
5, 59
What are the prime factors of 3146?
2, 11, 13
What are the prime factors of 2800?
2, 5, 7
List the prime factors of 165624.
2, 3, 67, 103
List the prime factors of 669.
3, 223
List the prime factors of 15708.
2, 3, 7, 11, 17
What are the prime factors of 11914?
2, 7, 23, 37
What are the prime factors of 2531?
2531
What are the prime factors of 14979?
3, 4993
What are the prime factors of 423?
3, 47
List the prime factors of 2003.
2003
What are the prime factors of 47686?
2, 113, 211
What are the prime factors of 925?
5, 37
List the prime factors of 5196.
2, 3, 433
What are the prime factors of 12145?
5, 7, 347
What are the prime factors of 10020?
2, 3, 5, 167
List the prime factors of 13329.
3, 1481
What are the prime factors of 40428?
2, 3, 1123
List the prime factors of 2157.
3, 719
List the prime factors of 1376.
2, 43
List the prime factors of 45984.
2, 3, 479
List the prime factors of 10465.
5, 7, 13, 23
List the prime factors of 16313.
11, 1483
List the prime factors of 55502.
2, 27751
List the prime factors of 8983.
13, 691
List the prime factors of 4996.
2, 1249
What are the prime factors of 147701?
127, 1163
List the prime factors of 6993.
3, 7, 37
What are the prime factors of 57508?
2, 11, 1307
What are the prime factors of 38531?
53, 727
List the prime factors of 14363.
53, 271
List the prime factors of 705.
3, 5, 47
What are the prime factors of 370?
2, 5, 37
List the prime factors of 8269.
8269
What are the prime factors of 15299?
15299
What are the prime factors of 33219?
3, 3691
List the prime factors of 8013.
3, 2671
List the prime factors of 8960.
2, 5, 7
List the prime factors of 23076.
2, 3, 641
List the prime factors of 17261.
41, 421
What are the prime factors of 16623?
3, 1847
List the prime factors of 283.
283
What are the prime factors of 858?
2, 3, 11, 13
List the prime factors of 938.
2, 7, 67
List the prime factors of 32713.
32713
List the prime factors of 1250.
2, 5
What are the prime factors of 509?
509
What are the prime factors of 45201?
3, 13, 19, 61
What are the prime factors of 46517?
181, 257
List the prime factors of 11402.
2, 5701
What are the prime factors of 21447?
3, 2383
What are the prime factors of 7572?
2, 3, 631
What are the prime factors of 2002?
2, 7, 11, 13
What are the prime factors of 1960?
2, 5, 7
List the prime factors of 1013.
1013
What are the prime factors of 46795?
5, 7, 191
List the prime factors of 3699.
3, 137
What are the prime factors of 19093?
61, 313
What are the prime factors of 3861?
3, 11, 13
List the prime factors of 33106.
2, 16553
List the prime factors of 5412.
2, 3, 11, 41
List the prime factors of 1618.
2, 809
List the prime factors of 20125.
5, 7, 23
List the prime factors of 383.
383
What are the prime factors of 9788?
2, 2447
List the prime factors of 3374.
2, 7, 241
What are the prime factors of 1196?
2, 13, 23
What are the prime factors of 1531?
1531
List the prime factors of 104711.
104711
What are the prime factors of 1000?
2, 5
List the prime factors of 15190.
2, 5, 7, 31
What are the prime factors of 66525?
3, 5, 887
What are the prime factors of 2575?
5, 103
List the prime factors of 95556.
2, 3, 7963
List the prime factors of 6602.
2, 3301
List the prime factors of 1040.
2, 5, 13
What are the prime factors of 45?
3, 5
What are the prime factors of 1002?
2, 3, 167
What are the prime factors of 76962?
2, 3, 101, 127
What are the prime factors of 130731?
3, 43577
List the prime factors of 114847.
114847
List the prime factors of 2194.
2, 1097
What are the prime factors of 1186?
2, 593
What are the prime factors of 1001?
7, 11, 13
List the prime factors of 2462.
2, 1231
List the prime factors of 27784.
2, 23, 151
List the prime factors of 239.
239
What are the prime factors of 39139?
39139
What are the prime factors of 9858?
2, 3, 31, 53
What are the prime factors of 22?
2, 11
List the prime f